{"id":30,"date":"2022-10-14T05:43:14","date_gmt":"2022-10-14T05:43:14","guid":{"rendered":"http:\/\/layanenet.com.br\/?page_id=30"},"modified":"2025-10-16T18:41:09","modified_gmt":"2025-10-16T18:41:09","slug":"home","status":"publish","type":"page","link":"https:\/\/layanenet.com.br\/","title":{"rendered":"Inicio"},"content":{"rendered":"\n<figure class=\"wp-block-image size-full is-style-default\"><a href=\"https:\/\/api.whatsapp.com\/send?phone=5591983807824\"><img loading=\"lazy\" decoding=\"async\" width=\"1080\" height=\"1080\" src=\"http:\/\/layanenet.com.br\/wp-content\/uploads\/2025\/06\/PLANOS_LAYANE.jpg\" alt=\"\" class=\"wp-image-116\" srcset=\"https:\/\/layanenet.com.br\/wp-content\/uploads\/2025\/06\/PLANOS_LAYANE.jpg 1080w, https:\/\/layanenet.com.br\/wp-content\/uploads\/2025\/06\/PLANOS_LAYANE-300x300.jpg 300w, https:\/\/layanenet.com.br\/wp-content\/uploads\/2025\/06\/PLANOS_LAYANE-1024x1024.jpg 1024w, https:\/\/layanenet.com.br\/wp-content\/uploads\/2025\/06\/PLANOS_LAYANE-150x150.jpg 150w, https:\/\/layanenet.com.br\/wp-content\/uploads\/2025\/06\/PLANOS_LAYANE-768x768.jpg 768w\" sizes=\"auto, (max-width: 1080px) 100vw, 1080px\" \/><\/a><\/figure>\n\n\n\n<div style=\"height:100px\" aria-hidden=\"true\" id=\"Cobertura\" class=\"wp-block-spacer\"><\/div>\n\n\n\n<div class=\"wp-block-uagb-advanced-heading uagb-block-3d281f08\"><h2 class=\"uagb-heading-text\">AREA DE COBERTURA<\/h2><div class=\"uagb-separator\"><\/div><p class=\"uagb-desc-text\">Confira os bairros atendidos pela LAYANE NET<\/p><\/div>\n\n\n\n<div class=\"wp-block-columns is-layout-flex wp-container-core-columns-is-layout-9d6595d7 wp-block-columns-is-layout-flex\">\n<div class=\"wp-block-column is-layout-flow wp-block-column-is-layout-flow\">\n<div class=\"wp-block-uagb-info-box uagb-block-3c760705 uagb-infobox__content-wrap  uagb-infobox-icon-above-title uagb-infobox-image-valign-top\"><div class=\"uagb-ifb-content\"><div class=\"uagb-ifb-icon-wrap\"><svg xmlns=\"https:\/\/www.w3.org\/2000\/svg\" viewBox=\"0 0 512 512\"><path d=\"M0 256C0 114.6 114.6 0 256 0C397.4 0 512 114.6 512 256C512 397.4 397.4 512 256 512C114.6 512 0 397.4 0 256zM371.8 211.8C382.7 200.9 382.7 183.1 371.8 172.2C360.9 161.3 343.1 161.3 332.2 172.2L224 280.4L179.8 236.2C168.9 225.3 151.1 225.3 140.2 236.2C129.3 247.1 129.3 264.9 140.2 275.8L204.2 339.8C215.1 350.7 232.9 350.7 243.8 339.8L371.8 211.8z\"><\/path><\/svg><\/div><div class=\"uagb-ifb-title-wrap\"><h3 class=\"uagb-ifb-title\">OUTEIRO<\/h3><\/div><p class=\"uagb-ifb-desc\">Brasilia, Agua Cristalina, S\u00e3o Jo\u00e3o do Outeiro, \u00c1gua Boa, Fama, Fidelis, Itaiteua.<\/p><\/div><\/div>\n<\/div>\n\n\n\n<div class=\"wp-block-column is-layout-flow wp-block-column-is-layout-flow\">\n<div class=\"wp-block-uagb-info-box uagb-block-cf9ab6b8 uagb-infobox__content-wrap  uagb-infobox-icon-above-title uagb-infobox-image-valign-top\"><div class=\"uagb-ifb-content\"><div class=\"uagb-ifb-icon-wrap\"><svg xmlns=\"https:\/\/www.w3.org\/2000\/svg\" viewBox=\"0 0 512 512\"><path d=\"M0 256C0 114.6 114.6 0 256 0C397.4 0 512 114.6 512 256C512 397.4 397.4 512 256 512C114.6 512 0 397.4 0 256zM371.8 211.8C382.7 200.9 382.7 183.1 371.8 172.2C360.9 161.3 343.1 161.3 332.2 172.2L224 280.4L179.8 236.2C168.9 225.3 151.1 225.3 140.2 236.2C129.3 247.1 129.3 264.9 140.2 275.8L204.2 339.8C215.1 350.7 232.9 350.7 243.8 339.8L371.8 211.8z\"><\/path><\/svg><\/div><div class=\"uagb-ifb-title-wrap\"><h3 class=\"uagb-ifb-title\">ICOARACI<\/h3><\/div><p class=\"uagb-ifb-desc\">Estrada do Outeiro, Amazonex, 1 e 2 Vila, Recanto Verde.<\/p><\/div><\/div>\n<\/div>\n<\/div>\n\n\n\n<div style=\"height:100px\" aria-hidden=\"true\" id=\"contato\" class=\"wp-block-spacer\"><\/div>\n\n\n\n<div class=\"wp-block-uagb-advanced-heading uagb-block-5ece329f\"><h2 class=\"uagb-heading-text\">LOCALIZA\u00c7\u00c3O E CONTATO<\/h2><div class=\"uagb-separator\"><\/div><p class=\"uagb-desc-text\">Av Nossa Sehora da concei\u00e7\u00e3o N65, Outeiro.<br>Fone: (91) 99311-7950 \/ 98380-7824<\/p><\/div>\n\n\n<div class=\"wp-block-image\">\n<figure class=\"aligncenter size-full is-resized\"><a href=\"https:\/\/api.whatsapp.com\/send?phone=5591993117950\"><img loading=\"lazy\" decoding=\"async\" width=\"700\" height=\"340\" src=\"http:\/\/layanenet.com.br\/wp-content\/uploads\/2022\/10\/zap.png\" alt=\"\" class=\"wp-image-81\" style=\"width:175px;height:85px\" srcset=\"https:\/\/layanenet.com.br\/wp-content\/uploads\/2022\/10\/zap.png 700w, https:\/\/layanenet.com.br\/wp-content\/uploads\/2022\/10\/zap-300x146.png 300w\" sizes=\"auto, (max-width: 700px) 100vw, 700px\" \/><\/a><\/figure>\n<\/div>\n\n\n<p><\/p>\n","protected":false},"excerpt":{"rendered":"","protected":false},"author":1,"featured_media":0,"parent":0,"menu_order":0,"comment_status":"closed","ping_status":"closed","template":"","meta":{"footnotes":""},"class_list":["post-30","page","type-page","status-publish","hentry"],"uagb_featured_image_src":{"full":false,"thumbnail":false,"medium":false,"medium_large":false,"large":false,"1536x1536":false,"2048x2048":false},"uagb_author_info":{"display_name":"layane","author_link":"https:\/\/layanenet.com.br\/?author=1"},"uagb_comment_info":0,"uagb_excerpt":null,"_links":{"self":[{"href":"https:\/\/layanenet.com.br\/index.php?rest_route=\/wp\/v2\/pages\/30","targetHints":{"allow":["GET"]}}],"collection":[{"href":"https:\/\/layanenet.com.br\/index.php?rest_route=\/wp\/v2\/pages"}],"about":[{"href":"https:\/\/layanenet.com.br\/index.php?rest_route=\/wp\/v2\/types\/page"}],"author":[{"embeddable":true,"href":"https:\/\/layanenet.com.br\/index.php?rest_route=\/wp\/v2\/users\/1"}],"replies":[{"embeddable":true,"href":"https:\/\/layanenet.com.br\/index.php?rest_route=%2Fwp%2Fv2%2Fcomments&post=30"}],"version-history":[{"count":63,"href":"https:\/\/layanenet.com.br\/index.php?rest_route=\/wp\/v2\/pages\/30\/revisions"}],"predecessor-version":[{"id":149,"href":"https:\/\/layanenet.com.br\/index.php?rest_route=\/wp\/v2\/pages\/30\/revisions\/149"}],"wp:attachment":[{"href":"https:\/\/layanenet.com.br\/index.php?rest_route=%2Fwp%2Fv2%2Fmedia&parent=30"}],"curies":[{"name":"wp","href":"https:\/\/api.w.org\/{rel}","templated":true}]}}